 -6 - -4. Let v be (8 - -1 - 1) + y. Determine p(v).
-8
Let k(c) = 3*c**2 - 4*c. Let u(n) = 2*n**2 + n - 3. Let f be u(-2). What is k(f)?
15
Let s(a) = a**3 - 5*a**2 - 4*a - 8. Let v be (-9)/4*(-24)/3. Let l be 2/12 - (-105)/v. Calculate s(l).
4
Let j(q) be the second derivative of -q**5/20 + q**4/3 + 5*q**3/6 - 3*q**2 - 33*q. Calculate j(4).
14
Let z(p) = 33*p**2 + 31*p**2 - 67*p**2 + p + 2*p. Calculate z(2).
-6
Let w(a) = 0*a - a - a**2 - a - 2 - 3*a. Give w(-4).
2
Let c(z) = -7*z - 101. Let f be c(-15). Let d(r) be the first derivative of -1/2*r**2 + 9*r - f. What is d(0)?
9
Let v(s) = -4*s - 2. Suppose -10 = -9*q + 4*q. What is v(q)?
-10
Let b(h) = 7*h**2 - 2*h - 3. Let u(z) = 13*z**2 - 5*z - 7. Let s(r) = 5*b(r) - 2*u(r). Let d(t) = t**2 - 8*t + 16. Let w be d(5). Give s(w).
8
Let y(d) = d**2 + 7*d. Let c(b) = 26*b + 1. Suppose l + 0*l = -1. Let t be c(l). Let n be t/7 - (-15)/(-35). Give y(n).
-12
Let z(g) = -g**3 + 4*g**2 - 4*g + 3. Suppose -n - 18 = -0*n. Let y = n - -10. Let h be y/(-6)*6/4. Calculate z(h).
3
Let o = 9 + -5. Let l(j) = j - 3*j + 3*j - j**2 + o*j + 1. Suppose 0 = q - 7 + 3. What is l(q)?
5
Suppose 2*t + y = -0*y - 6, 5*y = -4*t - 6. Let r(u) = -u**3 - 4*u**2 - u - 5. What is r(t)?
-1
Let t = -51 - -75. Let s(q) = q**2 - 3 + t*q + 0 - 26*q. Let u = 11 - 7. Determine s(u).
5
Let r(d) = -d**2 + 8*d + 8. Let w = 113 + -104. Give r(w).
-1
Let n = 2 + 0. Suppose n = 2*x - 0. Let i = 4 - x. Let d(h) = -h**3 + 4*h**2 - 2*h + 3. Determine d(i).
6
Let x(o) = -o**3 - 3*o**2 - 2*o - 3. Let s = -16 - -14. What is x(s)?
-3
Let v(s) be the second derivative of 0 - 1/24*s**4 - 2*s - s**2 + 7/6*s**3. Let x(h) be the first derivative of v(h). Determine x(3).
4
Let o(i) = -5*i - 32. Let r be o(-6). Let x(k) = -k. What is x(r)?
2
Let c(y) be the second derivative of -y**4/12 + y**3 + y. Suppose 5*d - 5*f - 30 = 0, -5*d - 5*f + 36 - 6 = 0. What is c(d)?
0
Let r(a) be the first derivative of -a**4/12 - a**3 - 3*a**2 - a - 3. Let m(h) be the first derivative of r(h). What is m(-5)?
-1
Let h(c) = -5*c + c**2 + 7 + 1 + 3*c**3 + 3*c. Let d = -1 - 0. Let i(m) = -m**3 - m**2 + m + 1. Let a(w) = d*h(w) - 2*i(w). Determine a(0).
-10
Let j(z) = -3*z - 15. Let i(t) = -1. Let r(q) = 2. Let m(y) = -5*i(y) - 2*r(y). Let o(w) = j(w) + 6*m(w). What is o(-6)?
9
Let k(p) = -p**3 - 8*p**2 + p - 1. Let f(d) = 2*d**3 + 2*d**2 - 2*d - 4. Let s be f(-2). Calculate k(s).
-9
Let m = 3 - -1. Suppose 8 = -m*t + 2*t. Let b(z) = z + 3. Give b(t).
-1
Let j(h) = -11*h**3 + h**2 + 2*h + 1. Suppose 0 = -4*l + 4*s + 14 + 18, 5*l + 3*s - 16 = 0. Let c = -2 - 4. Let n = l + c. What is j(n)?
11
Let u(j) = -j**3 - j - 1. Let p(n) = -3*n**3 - 5*n**2 - 2*n - 2. Let b(a) = p(a) - 4*u(a). What is b(4)?
-6
Let b(o) be the first derivative of o**4/4 + 5*o - 5. Calculate b(0).
5
Let m(u) = -u**3 + 3*u**2 + u + 1. Let i be m(3). Let c(n) = 9 + 6*n - 5 - i*n. Suppose -d + 18 = -4*d. Give c(d).
-8
Let n = 10 + -8. Let b(x) = x**3 + 0*x**2 + 6*x**n + 0*x**3 + 5*x + x + 6. Determine b(-5).
1
Let v(g) = 5*g - g + 3*g - 1 + 4*g**2 - g**3. Give v(5).
9
Let x(n) = 3*n**3 - 3*n + 3. Suppose 2*i + 6 = 4*i. Let f(k) = -4*k**3 + 4*k - 4. Suppose 2 = -5*m + 12. Let j(a) = i*x(a) + m*f(a). Determine j(0).
1
Let z(f) be the second derivative of -f**5/20 - 3*f**4/4 - 3*f**3/2 + 9*f**2/2 + 30*f. What is z(-8)?
17
Let b(k) = 3 + 21*k**2 + 0*k**2 - 22*k**2 + 3*k + 0*k**2 + 5. Let t(r) = 7*r**2 + 2*r + 1. Let m be t(-1). What is b(m)?
-10
Let o(q) = q**3 - 4*q**2 - 7*q + 3. Let v be ((-105)/(-84))/(0 - (-1)/4). Determine o(v).
-7
Let i(o) = -o**3 + 3*o**2 + 6*o - 1. Let l(x) = 5*x**3 - 11*x**2 - 24*x + 5. Let n(j) = -9*i(j) - 2*l(j). Suppose 4 = -k - 0*k. Give n(k).
7
Let i(x) = -x - 3. Let f be i(-5). Let j = 0 - f. Let r(h) = 0*h - h - h + 1. Give r(j).
5
Let k(g) be the first derivative of -g**4/6 + g**3/2 + g**2 + 2. Let j(z) be the second derivative of k(z). Suppose -5*d + 12 - 2 = 0. Give j(d).
-5
Let t = -1 + 4. Let p be (-1)/t + 28/(-6). Let f(r) be the second derivative of r**5/20 + r**4/2 + 5*r**3/6 + r**2/2 - 2*r. Give f(p).
1
Let r(h) = 2 + 2 + h + 0*h. Let g = -31 - -27. Calculate r(g).
0
Let f(v) = v - 2. Let l(r) be the second derivative of -r**3/6 + r**2 + 5*r. Let c(k) = -3*f(k) - 2*l(k). Give c(-6).
8
Suppose -2*z - 1 + 5 = 0. Let o(n) = 2*n + z*n**3 + 2*n**2 - n - 5*n**2. Let d = 14 - 12. Calculate o(d).
6
Let d(c) be the third derivative of c**5/60 - c**3/6 - 41*c**2. Determine d(1).
0
Suppose -3*f + 3*d - 16 = 8*d, 0 = -2*f + 3*d + 21. Suppose u = -f + 2. Let z(w) = -w**2 - w. Calculate z(u).
0
Suppose -3*o + 24 = 3*o. Let m(u) be the first derivative of -u**4/4 + u**3 + 2*u**2 + 4*u + 1. Give m(o).
4
Let j(i) = -4*i - 1. Let o be ((-18)/4)/(3/(-6)). Let w be (-18)/(-63) - o/7. Give j(w).
3
Let c(t) be the first derivative of -3/2*t**2 - t - 1/3*t**3 + 7. Determine c(-5).
-11
Suppose -21*t + 24*t + 3 = 0. Let j(g) = g - 4. Let d(n) = 1. Let i(k) = -3*d(k) - j(k). Calculate i(t).
2
Let t(c) be the third derivative of -c**6/120 + c**5/10 - c**4/4 + c**3 + 2*c**2. Let j(y) = y - 4. Let q be j(9). What is t(q)?
1
Suppose -5*h - 30 = -2*h. Let q be (h/5)/(2/(-3)). Let b(i) = -i. Determine b(q).
-3
Let i be (-1)/4 + 14/(-8). Let j(z) = -z**2 + z. Suppose -3 = -b + 5*t - 7, -4*t = 0. Let x(u) = 6*u**2 - u + 1. Let d(p) = b*j(p) - x(p). Calculate d(i).
-3
Let t(f) = -f - 4. Suppose 4*b = 9 - 33. Give t(b).
2
Let o(g) be the third derivative of -2*g**2 + 0 - 1/60*g**5 - 1/8*g**4 + 1/6*g**3 + 0*g. Suppose 0 = -2*y + j + 2*j - 11, -15 = 5*y + 5*j. Give o(y).
-3
Let i(z) = -3*z + 1. Suppose p + 3*p - 12 = 0. Suppose 0 = -5*j - 4*a + 52, a - 10 = 3*j - 4*j. Suppose 5*v = p + j. Give i(v).
-8
Let o(t) = t - 2. Let x be (-2 - -4) + (-1 - 3). Let d = x + 7. Give o(d).
3
Let j(f) = 5*f - 23. Let p(z) = 3*z - 12. Let m(r) = 4*j(r) - 7*p(r). What is m(-6)?
-2
Let x(t) = -t**3 - 6*t**2 + 3*t + 8. Let c = 7 - 7. Suppose 7*y - 3*y + 24 = c. Give x(y).
-10
Let m(k) = -k**3 - k + 1. Let s = 0 + -3. Let y be 0/(-3 - 6/s). Give m(y).
1
Let f(s) = 28*s - 11*s - 11*s - 5*s - 5. Calculate f(4).
-1
Let v(k) = 2*k**2 - 6*k + 5. Let r = 21 - 17. Give v(r).
13
Let t be 13/5 - 3 - (-64)/10. Suppose -3*g + 5 + 1 = 2*m, -5*m = g + 11. Let f = m + t. Let h(v) = -2*v + 1. Determine h(f).
-5
Let f(i) = 4*i - 3*i - 13 - 2*i + 5. Give f(-12).
4
Let j(x) = -3*x - 1. Suppose 5*g - 1 - 9 = 0. Suppose 1 = u + 4*w, -g*u = u + w - 3. Give j(u).
-4
Let s(p) be the third derivative of 5*p**4/24 - p**3/3 - 6*p**2. Determine s(2).
8
Let j(x) = 3*x + 3*x + 6 - 5*x. Let s(q) = -q**2 - 13*q. Let y be s(-13). What is j(y)?
6
Let j(u) = -u - 4*u**2 + 4*u - 5 + 10*u**3 - 11*u**3. Let g = -6 + 7. Let t = -4 - g. What is j(t)?
5
Let z(f) = -f - 2. Let g be z(-4). Suppose -8*l + 30 = -3*l. Suppose 0 = 5*u + g*b - l - 6, -5*u + 9 = -b. Let m(i) = i**3 - 4*i**2 + 2*i + 2. What is m(u)?
-2
Let l(z) = 5*z + 1. Let d(s) = -s**3 - 3*s**2 + 3*s + 1. Let v be d(-4). Suppose -2*x = -v*x. Let j(p) = p**3 - p + 1. Let i be j(x). What is l(i)?
6
Let o(s) be the first derivative of -2*s**3/3 - 2. Give o(-1).
-2
Let q(k) = -k**2 - k + 1. Let t(c) = 5*c**2 + 5*c - 7. Let o(d) = 6*q(d) + t(d). What is o(-1)?
-1
Let t(i) be the first derivative of -i**2/2 + 2*i - 1. Calculate t(4).
-2
Let s(b) = -b + 1. Let k be ((-2)/(-4))/(1/(-36)). Let q(m) = 3*m**2 + 15*m - 18. Let h(x) = k*s(x) - q(x). Give h(2).
-6
Let b(i) = -7*i + 11 + 3*i**2 - 2*i**2 + 0*i**2 - 3*i. Let x be b(8). Let s(f) = -f**3 - 4*f**2 + 4*f - 6. Determine s(x).
-1
Let u(f) = 4 - 4 - 28*f + 27*f. Let x(r) = -r**2 - 3*r + 2. Let n be x(-4). Calculate u(n).
2
Let o(c) = -6 - 3*c + 35*c**2 + 4*c - 36*c**2. Determine o(0).
-6
Let w(k) = k**3 + k**2 + k + 1. Suppose 2*u - 4*p = -11 - 5, -4*u - p + 13 = 0. Suppose -u = h - 1. What is w(h)?
0
Let z = 1 - 1. Let b(n) be the first derivative of 1/2*n**2 - 3 + 6*n + 1/3*n**3. Give b(z).
6
Let s = 9/2 - 4. Let f(t) be the first derivative of -t - 2 + s*t**2. What is f(3)?
2
Let q(k) = -k - 4. Suppose -3*s = s + 16, 4*u - 5*s - 4 = 0. Give q(u).
0
Let j(b) = b**3 + 2*b**2 - 5 + 5 - b - 2*b. Let v be j(-3). Let l(o) = -1 + 2 + v + o**3. Calculate l(0).
1
Let c(m) = -8*m**2 + 2*m + 1. Suppose 0 = -2*t + 3 - 5. What is c(t)?
-9
Let p = 1 + -4. Let g(d) be 